= 137 + -125. What is the remainder when 71 is divided by w?
11
Let i(u) = 10*u**2 - 2*u + 2. What is the remainder when 795 is divided by i(2)?
35
Let d be 54/(-2)*(-10)/(-15). Let b be 4/d + 1240/(-90). What is the remainder when (-268)/b - (-6)/(-42) is divided by 5?
4
Suppose -5*t + 9 = -16. Suppose t*x - 4 = 3*x. Suppose -4*v = -2*i - x*v + 108, -3*v - 216 = -4*i. What is the remainder when i is divided by 14?
12
Let d = 619 + -611. Suppose 167 = -v + 4*z, -7*z = -5*v - 2*z - 850. What is the remainder when (4/3)/((-6)/v) is divided by d?
6
Suppose -101 = 9*t - 146. Calculate the remainder when 19 is divided by t.
4
Let g = 660 - 606. Calculate the remainder when g is divided by 27.
0
Let c(t) = 3*t**2 - 4*t + 1. Let m be c(2). Suppose 49 = -m*x + 159. Calculate the remainder when 41 is divided by x.
19
Suppose -3*n = 3 - 12. Suppose -b = -0*b - 1, 2*b = n*m - 31. What is the remainder when m is divided by 1/(-3) - (-22)/3?
4
Let r = -51 + 12. Let y = -20 - r. Calculate the remainder when 73 is divided by y.
16
Let d(k) be the third derivative of k**4/6 - 17*k**3/6 - 5*k**2. Calculate the remainder when 92 is divided by d(12).
30
Let w = -48 + 87. Let f = -16 + w. What is the remainder when (-89)/(1/(-3)*3) is divided by f?
20
Calculate the remainder when (-52)/(-8)*(105/5 + -3) is divided by 12.
9
Suppose -8*n = -5856 - 840. Calculate the remainder when n is divided by 28.
25
Let u = -3 - -4. Let y = 4901 + -4898. What is the remainder when y is divided by u?
0
Let p(d) = -3*d - 693 + 681 + 5*d. Calculate the remainder when 9 is divided by p(8).
1
Let x(b) = b**2 - 6*b - 2. What is the remainder when (51 - (-2 + -1)) + 0 is divided by x(8)?
12
Let p = 183 - 109. Calculate the remainder when p is divided by 33.
8
Let v be (1 - -3)/(5 - 4). Let b be v/2 + 2 + 6. Suppose 0 = -k + 1 + b. Calculate the remainder when 43 is divided by k.
10
Suppose 5*x + 572 = 42. Let h = -83 - x. Calculate the remainder when h is divided by 13.
10
Suppose 7*t = 2*t - a + 1078, -t + 4*a = -203. Let l = -77 + t. What is the remainder when l is divided by (((-126)/(-45))/(-1))/(4/(-50))?
33
Suppose -2 = -5*h + 8. Let x(d) = -d + 2. Let m be x(h). Suppose m = -l + 4*i + 22 - 1, 0 = 3*l - 4*i - 39. Calculate the remainder when 16 is divided by l.
7
Suppose 0 = -13*z + 53*z - 1480. What is the remainder when z is divided by (5/2 - 2)*24?
1
Suppose -7*o = -3*o - 296. Suppose o + 31 = 5*c. Let a = c - 13. What is the remainder when 22 is divided by a?
6
Suppose 0 = -5*y + y + 68. What is the remainder when 3 + 25 - (-13 + 8) is divided by y?
16
Suppose -16*w + 267 = 107. Let l(v) = -v**3 + 5*v**2 + 3. What is the remainder when l(4) is divided by w?
9
Suppose 3*n = -9 + 186. Let s = 74 - n. Let u = -11 - -17. Calculate the remainder when s is divided by u.
3
Let d(b) be the second derivative of b**5/20 - b**4/3 + 5*b**3/3 - 5*b**2/2 + 48*b. Let y = -2 - -26. What is the remainder when d(5) is divided by y?
22
Let p(u) = 27*u - 53. Calculate the remainder when p(5) is divided by 21.
19
Let z(v) = 192*v - 1. Suppose 0 = -4*g + 3 + 1. Let c be z(g). Suppose 2*a - 6*a + 5*u = -c, -2*u - 226 = -5*a. Calculate the remainder when a is divided by 15.
14
Let t be (0 - 2)/(4/(-362)). Suppose -4*h - 112 = -3*d, h + 0*h - t = -4*d. What is the remainder when d is divided by 9?
8
Let o = 4889 + -4833. What is the remainder when o is divided by (1*-3)/(1/(-5))?
11
Let p(x) = 4*x + 1. Let o be p(2). Let n(d) = o - 7 - d + 32. Calculate the remainder when n(0) is divided by 9.
7
Suppose 36 = 6*w - 2*w. Calculate the remainder when (-86)/8*(0 + -4) is divided by w.
7
Suppose 6 = i - 3*c, -5*i - 2*c + 0 = 4. Suppose i = -14*t + 8*t + 78. Calculate the remainder when 90 is divided by t.
12
Suppose 105 = -0*b + 5*b. Suppose 0 = -3*v + 33 + b. What is the remainder when v is divided by 7?
4
Calculate the remainder when 103 is divided by -5 + 1 - 4/((-24)/102).
12
Let s = -5 - -14. Suppose -3*j + t = j - 93, j = 4*t + 42. Let a(d) = -d**2 + 25*d - 51. What is the remainder when a(j) is divided by s?
6
Let y(l) = -l**3 - 6*l**2 - 2*l - 2. Suppose -8 = 3*d + 7. Let x be y(d). Let k = 46 + x. Calculate the remainder when 85 is divided by k.
27
Let c(y) = y**2 - 6*y + 7. Let g = -44 + 50. Calculate the remainder when 17 is divided by c(g).
3
Suppose -3*l + 2*n + 23 = -64, l - 4*n - 39 = 0. Calculate the remainder when 211 is divided by l.
22
Let l = 14 - 4. Let m = -70 - -73. Calculate the remainder when l is divided by m.
1
Let p(x) = x + 4. Suppose 0 = 2*q + 6 + 2. Let v be p(q). Suppose v = -2*n + 34 - 6. Calculate the remainder when 39 is divided by n.
11
Let l be (19 + 7)*(-1)/(-1). Suppose 5*d - 4*k = -9 + 88, -2*d - 4*k + l = 0. Calculate the remainder when 41 is divided by d.
11
Let j(s) = s**2 - 6*s - 2. Let m(z) = -2*z**2 + 13*z + 5. Let p(b) = 9*j(b) + 4*m(b). Calculate the remainder when 64 is divided by p(5).
13
Suppose 3*f - 90 = 5*f. Suppose -6*u - 2725 = -2947. Calculate the remainder when u is divided by (-2)/(6/f) - 1.
9
Suppose 406*c - 413*c + 1113 = 0. What is the remainder when c is divided by 40?
39
Suppose -264 = 2*l - 286. What is the remainder when 272 is divided by l?
8
What is the remainder when 914 is divided by -5 - 1 - -14 - -7?
14
Let w be (-17)/2*(-8 - -6). Let u(z) = z**3 - 18*z**2 + 17*z + 26. What is the remainder when 49 is divided by u(w)?
23
Let r = -109 + 70. Let p(o) = 44*o + 2. Let c be p(2). Let v = r + c. What is the remainder when v is divided by 13?
12
Let m be ((-12)/10)/((-6)/20). Let z(g) = 2*g - 2. Suppose -y + 27 = 5*f, -y + 4*y - 68 = -2*f. What is the remainder when y is divided by z(m)?
4
Suppose -3*z - 2 = 4, -286 = -t - 2*z. Calculate the remainder when t is divided by 73.
71
Suppose 0 = -4*u + 408 + 36. Suppose -18 = -3*m + u. Calculate the remainder when m is divided by 53/5 - (-4)/10.
10
Let l(y) = y**3 - 4*y**2 - 5*y + 5. Let r be 4/(-6)*-30*(-7)/(-28). Calculate the remainder when 17 is divided by l(r).
2
Suppose -u - 117 = 2*u + 3*d, 2*u = 3*d - 88. Let v = u + 60. What is the remainder when v is divided by 7?
5
Suppose -2*z - 62 = -5*s, s - 2*z = -z + 10. What is the remainder when 144/(-252) + (-1 - (-778)/s) is divided by (-2)/4*22/(-1)?
10
Let u be 67/(2/(4/(-2))). What is the remainder when (6 - (-1 - -8))/(1/u) is divided by 17?
16
Suppose 0*h = -3*h. Suppose b + 3*b - 136 = h. Suppose 2*d = 3*w - 40, -2*w + 0*d + 2*d + 28 = 0. What is the remainder when b is divided by w?
10
Suppose -f + 58 = 2*v, 3*f - 4*f - 131 = -5*v. Suppose 2*y - v + 5 = 0. Suppose y*n - 7*n - 88 = 0. What is the remainder when 85 is divided by n?
19
Let x = 1433 - 1384. What is the remainder when 158 is divided by x?
11
Suppose -4*d + 4*r + 32 = 0, -6*d - 21 = -9*d + 4*r. Let o(t) = -3*t + 6. Let u be (1 + (1 - 3))*5. What is the remainder when o(u) is divided by d?
10
Suppose 0 = 2*t - 141 + 131. Calculate the remainder when 48 is divided by t.
3
Let c = 268 + -63. What is the remainder when c is divided by 70?
65
Calculate the remainder when 33 is divided by 4 + ((-8)/2)/4.
0
Suppose c = -4*v + 3*c + 146, -2*v - 4*c + 78 = 0. Suppose -2*g = 6, 3*t + 2*g = -0*g + 18. What is the remainder when v is divided by t?
5
Suppose -562 = -26*r + 634. What is the remainder when 2437 is divided by r?
45
Suppose 251 = 5*y - 3*w, 23 = -5*y + 2*w + 277. Let r = -142 + 132. Let v = r + 28. What is the remainder when y is divided by v?
16
Calculate the remainder when ((-2)/2)/(2/(-90)) is divided by (-595)/34*4/(-10).
3
Let z = 1338 - 1313. Let f(h) = 70*h + 1. What is the remainder when f(1) is divided by z?
21
Suppose -23*n = -30*n + 329. Let r = 37 + 41. Suppose 38 = 3*o - 5*w, w = 5*o - 0*w - r. What is the remainder when n is divided by o?
15
Let i(h) = h**3 - 12*h**2 - 4*h - 6. Let k be i(12). Let y = -16 - k. What is the remainder when y is divided by 20?
18
Let m be -3*((-64)/21 - (-2)/(-7)). Suppose 0 = 5*n - m*n + 85. Calculate the remainder when 64 is divided by n.
13
Suppose 0 = k - 5*a + 31, -3*k + a - 54 = -17. Let z = -1 - k. Let i = -45 - -74. What is the remainder when i is divided by z?
9
Let a = -175 - -293. Suppose 3*q = 5*q - a. What is the remainder when q is divided by 20?
19
Suppose -10*z = -102*z + 1840. Calculate the remainder when 1699 